it of 12254?
5
What is the units digit of 48120?
0
What is the tens digit of 723?
2
What is the tens digit of 651?
5
What is the hundreds digit of 2825?
8
What is the tens digit of 2101?
0
What is the hundreds digit of 6576?
5
What is the tens digit of 21077?
7
What is the thousands digit of 10184?
0
What is the hundreds digit of 886?
8
What is the hundreds digit of 4473?
4
What is the units digit of 9933?
3
What is the units digit of 197?
7
What is the thousands digit of 13315?
3
What is the ten thousands digit of 38575?
3
What is the units digit of 2318?
8
What is the thousands digit of 1726?
1
What is the tens digit of 238?
3
What is the thousands digit of 6751?
6
What is the tens digit of 66428?
2
What is the tens digit of 60864?
6
What is the tens digit of 1131?
3
What is the thousands digit of 98893?
8
What is the hundreds digit of 1783?
7
What is the thousands digit of 4958?
4
What is the ten thousands digit of 17459?
1
What is the hundreds digit of 10736?
7
What is the hundreds digit of 1239?
2
What is the ten thousands digit of 10738?
1
What is the units digit of 157?
7
What is the hundreds digit of 487?
4
What is the tens digit of 3667?
6
What is the thousands digit of 47791?
7
What is the tens digit of 32229?
2
What is the ten thousands digit of 93885?
9
What is the tens digit of 52926?
2
What is the tens digit of 57875?
7
What is the hundreds digit of 788?
7
What is the ten thousands digit of 45464?
4
What is the tens digit of 28463?
6
What is the hundreds digit of 769?
7
What is the units digit of 339?
9
What is the tens digit of 422?
2
What is the ten thousands digit of 27440?
2
What is the thousands digit of 103967?
3
What is the units digit of 1906?
6
What is the units digit of 961?
1
What is the tens digit of 277?
7
What is the thousands digit of 22206?
2
What is the tens digit of 21256?
5
What is the hundreds digit of 2213?
2
What is the units digit of 3874?
4
What is the hundreds digit of 5680?
6
What is the thousands digit of 7057?
7
What is the tens digit of 2265?
6
What is the units digit of 2977?
7
What is the units digit of 61262?
2
What is the tens digit of 914?
1
What is the thousands digit of 2956?
2
What is the ten thousands digit of 21655?
2
What is the tens digit of 37739?
3
What is the hundreds digit of 212?
2
What is the ten thousands digit of 58298?
5
What is the hundreds digit of 392?
3
What is the units digit of 862?
2
What is the hundreds digit of 16231?
2
What is the tens digit of 20269?
6
What is the units digit of 5469?
9
What is the hundreds digit of 719?
7
What is the tens digit of 7387?
8
What is the units digit of 3202?
2
What is the units digit of 45950?
0
What is the hundreds digit of 537?
5
What is the units digit of 40687?
7
What is the hundreds digit of 807?
8
What is the tens digit of 2747?
4
What is the hundreds digit of 389?
3
What is the ten thousands digit of 167262?
6
What is the units digit of 1223?
3
What is the tens digit of 377?
7
What is the units digit of 4817?
7
What is the thousands digit of 4670?
4
What is the tens digit of 5517?
1
What is the tens digit of 30253?
5
What is the units digit of 8481?
1
What is the tens digit of 67?
6
What is the tens digit of 400?
0
What is the hundreds digit of 65765?
7
What is the tens digit of 146113?
1
What is the units digit of 14192?
2
What is the hundreds digit of 1343?
3
What is the hundreds digit of 63684?
6
What is the thousands digit of 90233?
0
What is the tens digit of 21142?
4
What is the units digit of 3450?
0
What is the hundreds digit of 10383?
3
What is the hundreds digit of 1240?
2
What is the tens digit of 254?
5
What is the thousands digit of 70978?
0
What is the hundreds digit of 21011?
0
What is the tens digit of 786?
8
What is the thousands digit of 147069?
7
What is the thousands digit of 22562?
2
What is the tens digit of 214?
1
What is the tens digit of 471?
7
What is the hundreds digit of 395?
3
What is the tens digit of 3374?
7
What is the tens digit of 610?
1
What is the units digit of 442?
2
What is the tens digit of 2402?
0
What is the hundreds digit of 31350?
3
What is the tens digit of 492?
9
What is the hundreds digit of 951?
9
What is the units digit of 573?
3
What is the tens digit of 20557?
5
What is the hundreds digit of 6294?
2
What is the thousands digit of 1262?
1
What is the ten thousands digit of 40205?
4
What is the units digit of 29?
9
What is the thousands digit of 4403?
4
What is the tens digit of 7276?
7
What is the hundreds digit of 1830?
8
What is the hundreds digit of 5421?
4
What is the units digit of 6430?
0
What is the ten thousands digit of 68735?
6
What is the hundreds digit of 294?
2
What is the units digit of 9798?
8
What is the units digit of 729?
9
What is the tens digit of 977?
7
What is the ten thousands digit of 30753?
3
What is the tens digit of 15080?
8
What is the units digit of 1357?
7
What is the thousands digit of 38365?
8
What is the hundreds digit of 1692?
6
What is the units digit of 33420?
0
What is the units digit of 12855?
5
What is the units digit of 151?
1
What is the ten thousands digit of 29483?
2
What is the hundreds digit of 6373?
3
What is the tens digit of 2524?
2
What is the tens digit of 1644?
4
What is the ten thousands digit of 24650?
2
What is the hundreds digit of 3002?
0
What is the thousands digit of 5857?
5
What is the thousands digit of 118019?
8
What is the tens digit of 91278?
7
What is the units digit of 1486?
6
What is the hundreds digit of 3766?
7
What is the hundreds digit of 12420?
4
What is the hundreds digit of 141206?
2
What is the tens digit of 26469?
6
What is the units digit of 1510?
0
What is the hundreds digit of 1273?
2
What is the hundreds digit of 714?
7
What is the thousands digit of 1582?
1
What is the tens digit of 437?
3
What is the thousands digit of 3555?
3
What is the thousands digit of 22896?
2
What is the units digit of 65?
5
What is the tens digit of 420?
2
What is the tens digit of 101462?
6
What is the units digit of 32537?
7
What is the thousands digit of 79809?
9
What is the thousands digit of 90526?
0
What is the hundreds digit of 1258?
2
What is the tens digit of 380?
8
What is the thousands digit of 39486?
9
What is the units digit of 1804?
4
What is the tens digit of 22450?
5
What is the tens digit of 494?
9
What is the units digit of 19140?
0
What is the tens digit of 7399?
9
What is the tens digit of 68?
6
What is the hundreds digit of 349?
3
What is the thousands digit of 3296?
3
What is the units digit of 3820?
0
What is the hundreds digit of 6328?
3
What is the tens digit of 301?
0
What is the tens digit of 1441?
4
What is the hundreds digit of 42420?
4
What is the thousands digit of 58990?
8
What is the units digit of 8454?
4
What is the tens digit of 2815?
1
What is the hundreds digit of 4630?
6
What is the ten thousands digit of 46087?
4
What is the tens digit of 2279?
7
What is the ten thousands digit of 33490?
3
What is the units digit of 536?
6
What is the tens digit of 538?
3
What is the units digit of 366?
6
What is the units digit of 5541?
1
What is the units digit of 147?
7
What is the thousands digit of 1860?
1
What is the thousands digit of 4331?
4
What is the ten thousands digit of 16458?
1
What is the thousands digit of 70861?
0
What is the hundreds digit of 609?
6
What is the hundreds digit of 92749?
7
What is the tens digit of 7233?
3
What is the units digit of 3739?
9
What is the hundreds digit of 114?
1
What is the ten thousands digit of 50090?
5
What is the hundreds digit of 981?
9
What is the units digit of 112949?
9
What is the units digit of 33634?
4
What is the units digit of 504?
4
What is the units digit of 37049?
9
What is the tens digit of 67960?
6
What is the tens digit of 76?
7
What is the units digit of 1228?
8
What is the hundreds digit of 4911?
9
What is the units digit of 13251?
1
What is the hundreds digit of 3041?
0
What is the hundreds digit of 449?
4
What is the thousands digit of 3053?
3
What is the hundreds digit of 452?
4
What is the units digit of 30046?
6
What is the thousands digit of 6151?
6
What is the tens digit of 331?
3
What is the tens digit of 1291?
9
What is the ten thousands digit of 20664?
2
What is the hundreds digit of 789?
7
What is the tens digit of 1233?
3